ue
Is 934437603 a multiple of 418?
False
Is 51494339 a multiple of 118?
False
Is 1130 a factor of 38980502?
False
Is 272147064 a multiple of 33?
False
Does 20 divide 349934969?
False
Is 89028772 a multiple of 614?
True
Does 64 divide 13015104?
True
Does 4 divide 112744207?
False
Does 38 divide 73966316?
True
Is 19368093 a multiple of 23?
True
Is 43830508 a multiple of 309?
False
Is 134 a factor of 771289381?
False
Does 87 divide 58848801?
True
Does 55 divide 17066555?
True
Is 223545296 a multiple of 1192?
True
Is 77 a factor of 748622413?
True
Does 18 divide 3769886?
False
Is 3124 a factor of 76206629?
False
Is 1062821914 a multiple of 50?
False
Is 80 a factor of 318917974?
False
Is 606373542 a multiple of 61?
False
Does 59 divide 55053419?
False
Is 7342637 a multiple of 13?
False
Is 274 a factor of 53977178?
True
Is 376081328 a multiple of 2338?
True
Is 1701 a factor of 211502340?
True
Is 78 a factor of 55776552?
True
Is 1447056 a multiple of 4?
True
Is 72 a factor of 780946482?
False
Is 1881205930 a multiple of 27?
False
Is 706673064 a multiple of 24?
True
Is 1002647861 a multiple of 753?
False
Does 3273 divide 208830492?
True
Does 4636 divide 412580820?
True
Is 61 a factor of 12039546?
False
Is 54 a factor of 18648090?
True
Is 16769370 even?
True
Does 53 divide 249219795?
False
Is 11 a factor of 54596484?
False
Does 17 divide 61352048?
True
Is 642 a factor of 7892770?
False
Is 96 a factor of 1262602080?
True
Is 9 a factor of 8559629?
False
Is 24345540 a multiple of 45?
True
Does 3 divide 3282384?
True
Is 8 a factor of 100092310?
False
Is 4 a factor of 8877716?
True
Is 3098741396 a multiple of 6676?
False
Is 1297 a factor of 264511512?
False
Is 85 a factor of 695613508?
False
Does 412 divide 47268536?
False
Is 569913947 a multiple of 24?
False
Is 760836000 a multiple of 1000?
True
Does 197 divide 1349612661?
False
Is 3403950 a multiple of 330?
True
Is 15 a factor of 286562474?
False
Does 25 divide 405468850?
True
Is 342 a factor of 20613708?
True
Does 3821 divide 6093715516?
True
Is 365859539 a multiple of 2?
False
Is 149 a factor of 177334585?
True
Is 51624200 a multiple of 719?
True
Is 3360 a factor of 241489920?
True
Is 927731805 a multiple of 143?
True
Does 752 divide 26953184?
True
Is 55244848 a multiple of 4?
True
Is 120218637 a multiple of 164?
False
Is 345 a factor of 15953490?
True
Is 148386722 a multiple of 11?
True
Is 747 a factor of 105027453?
True
Is 130 a factor of 781777045?
False
Is 211 a factor of 78258109?
False
Is 1767721529 a multiple of 7?
True
Is 7556580 a multiple of 180?
True
Is 12 a factor of 18777216?
True
Is 4914 a factor of 1450225218?
False
Does 2353 divide 3203630230?
False
Is 1916 a factor of 190649664?
True
Is 145575237 a multiple of 444?
False
Does 426 divide 13583479?
False
Does 72 divide 701658253?
False
Does 17 divide 70603017?
False
Is 11 a factor of 43399547?
False
Does 586 divide 1032297508?
False
Is 62 a factor of 66559356?
True
Is 364997328 a multiple of 23?
False
Is 334144716 a multiple of 19?
True
Does 284 divide 3157732121?
False
Is 5 a factor of 1488320?
True
Is 60 a factor of 2024053560?
True
Does 88 divide 614394848?
False
Is 13596848 a multiple of 467?
False
Does 54 divide 655290?
True
Is 31 a factor of 4270095?
True
Is 784 a factor of 11757854?
False
Is 25100159 a multiple of 1135?
False
Does 11 divide 86957978?
False
Does 11 divide 670425083?
False
Does 154 divide 975500729?
False
Is 423397914 a multiple of 3418?
True
Does 729 divide 68046800?
False
Does 1326 divide 124799609?
False
Is 645 a factor of 41303220?
True
Does 10339 divide 2677728627?
True
Does 190 divide 1633249316?
False
Is 20 a factor of 238081240?
True
Is 184 a factor of 3121557205?
False
Is 406803880 a multiple of 10?
True
Is 215 a factor of 15028810?
False
Is 169 a factor of 104987758?
False
Is 106 a factor of 138228664?
True
Is 1035709530 a multiple of 17?
True
Does 179 divide 6903014?
False
Does 1204 divide 352111004?
True
Is 38 a factor of 361461776?
True
Does 225 divide 819835165?
False
Does 11 divide 423872008?
False
Does 48 divide 52427904?
True
Is 682243081 a multiple of 9?
False
Is 29808042 a multiple of 11?
True
Does 23 divide 65303118?
True
Does 1010 divide 2090464610?
False
Is 743529960 a multiple of 2994?
True
Is 84649450 a multiple of 824?
False
Is 606738132 a multiple of 791?
True
Is 21 a factor of 49783020?
True
Does 2042 divide 90174172?
False
Is 28221122 a multiple of 53?
True
Is 3058648338 a multiple of 159?
True
Does 407 divide 2371921926?
True
Does 8 divide 1423373071?
False
Does 206 divide 3977232?
False
Is 58 a factor of 270212323?
False
Is 13094433 a multiple of 20?
False
Is 1999 a factor of 326668584?
True
Is 14 a factor of 380341863?
False
Does 15 divide 53397315?
True
Does 1947 divide 320497005?
False
Is 38 a factor of 209064182?
True
Is 663 a factor of 1910372841?
True
Is 10 a factor of 89537874?
False
Is 633 a factor of 215724194?
False
Is 409639968 a multiple of 1696?
True
Is 179257538 a multiple of 1471?
False
Does 172 divide 25883351?
False
Is 455 a factor of 14805517?
False
Is 9353024 a multiple of 64?
True
Is 2009 a factor of 1096066425?
False
Does 32 divide 496659562?
False
Does 3880 divide 10324680?
True
Is 887 a factor of 550044666?
True
Is 14 a factor of 17466904?
True
Is 1786 a factor of 554223604?
False
Is 279564232 a multiple of 241?
False
Is 463999872 a multiple of 42?
True
Is 27947423 a multiple of 133?
True
Is 48247959 a multiple of 17?
False
Is 4438 a factor of 441063036?
False
Is 51864178 a multiple of 34?
True
Is 494 a factor of 644841237?
False
Is 115 a factor of 18273349?
False
Is 68 a factor of 1255016568?
True
Is 584736376 a multiple of 28?
True
Is 3609548 a multiple of 16?
False
Does 19 divide 47079074?
True
Is 39552764 a multiple of 108?
False
Is 32850883 a multiple of 17?
False
Is 2 a factor of 148041729?
False
Does 21 divide 79175565?
True
Is 23 a factor of 31696947?
False
Does 21 divide 1184134099?
False
Does 236 divide 122826436?
True
Is 38 a factor of 7223005?
False
Does 109 divide 420724123?
False
Is 60966870 a multiple of 3167?
False
Does 76 divide 9272174?
False
Is 102357776 a multiple of 536?
True
Does 192 divide 436573283?
False
Does 3 divide 68878578?
True
Is 1410 a factor of 6836221440?
True
Is 185 a factor of 9879370?
True
Is 5432299 a multiple of 117?
False
Does 36 divide 19066549?
False
Is 7311 a factor of 264022143?
True
Does 49 divide 1465888214?
True
Does 99 divide 169699167?
True
Does 4 divide 13058791?
False
Is 33282240 a multiple of 15?
True
Is 1814 a factor of 919415001?
False
Does 18 divide 192023586?
True
Is 9 a factor of 61853040?
True
Is 129 a factor of 700716403?
False
Does 20 divide 1297448481?
False
Is 79 a factor of 8125703?
True
Is 945 a factor of 3937647104?
False
Does 51 divide 229677284?
False
Is 5 a factor of 15405922?
False
Is 492 a factor of 104240532?
True
Is 1242 a factor of 1085964857?
False
Is 1037 a factor of 115196182?
True
Is 564 a factor of 58340160?
True
Is 179342940 a multiple of 84?
True
Does 6 divide 7074260?
False
Does 584 divide 93598964?
False
Is 9958010 a multiple of 212?
False
Is 25 a factor of 50939304?
False
Does 15 divide 1621065?
True
Is 9289083 a multiple of 24?
False
Is 24967440 a multiple of 48?
True
Is 3 a factor of 8431413?
True
Is 103 a factor of 1756727652?
False
Is 6 a factor of 2402979656?
False
Is 14105102 a multiple of 22?
True
Is 1430870 a multiple of 50?
False
Is 152202800 a multiple of 400?
True
Does 9 divide 558024683?
False
Is 39879310 a multiple of 398?
False
Is 159704491 a multiple of 233?
True
Is 16 a factor of 158331?
False
Is 15 a factor of 43140041?
False
Does 3997 divide 22491119?
True
Does 44 divide 86604892?
True
Does 65 divide 203973207?
False
Is 565799629 a multiple of 3?
False
Is 127144961 a multiple of 2?
False
Is 17163183 a multiple of 6?
False
Does 288 divide 407492064?
True
Does 3 divide 13813896?
True
Is 116 a factor of 3900036?
True
Does 11 divide 4322990040?
False
Is 10 a factor of 91475737?
False
Does 279 divide 2415794?
False
Is 300198520 a multiple of 6?
False
Is 4318308 a multiple of 6?
True
Does 13 divide 7550679?
False
Is 496091943 a multiple of 63?
False
Is 995 a factor of 782201073?
False
Is 2168 a factor of 174454624?
True
Does 86 divide 102882832?
True
Does 16 divide 8